
22
Calculate the highest common divisor of 61 and 1159.
61
What is the highest common divisor of 24 and 15612?
12
Calculate the greatest common factor of 138 and 22632.
138
Calculate the greatest common factor of 424 and 128.
8
What is the greatest common factor of 68 and 459?
17
What is the highest common factor of 366 and 6?
6
What is the greatest common divisor of 39 and 39546?
39
What is the greatest common divisor of 30 and 8590?
10
What is the greatest common divisor of 66 and 264?
66
What is the greatest common factor of 15 and 2265?
15
What is the highest common factor of 2021 and 43?
43
Calculate the highest common factor of 124 and 19468.
124
Calculate the greatest common factor of 3978 and 357.
51
Calculate the greatest common factor of 189 and 54.
27
What is the highest common factor of 2061 and 9?
9
What is the highest common divisor of 126 and 378?
126
Calculate the greatest common divisor of 1998 and 814.
74
What is the greatest common divisor of 192 and 30?
6
Calculate the greatest common factor of 255 and 102.
51
Calculate the greatest common factor of 2 and 207.
1
What is the greatest common divisor of 6 and 96?
6
Calculate the highest common divisor of 448 and 80.
16
What is the greatest common factor of 468 and 52?
52
Calculate the highest common factor of 135 and 340.
5
Calculate the highest common factor of 5145 and 105.
105
What is the highest common factor of 1070 and 10?
10
Calculate the greatest common divisor of 319 and 9193.
29
What is the highest common divisor of 69452 and 388?
388
Calculate the greatest common factor of 234 and 18.
18
Calculate the highest common factor of 299 and 437.
23
What is the greatest common factor of 15 and 100?
5
What is the highest common factor of 48 and 99?
3
Calculate the greatest common divisor of 154 and 56.
14
What is the highest common divisor of 30 and 2685?
15
Calculate the greatest common factor of 8 and 74.
2
What is the highest common divisor of 10366 and 584?
146
Calculate the highest common factor of 594 and 22.
22
Calculate the highest common factor of 70 and 30.
10
What is the greatest common factor of 3294 and 540?
54
What is the highest common divisor of 242 and 2?
2
Calculate the highest common factor of 1271 and 41.
41
What is the highest common factor of 705 and 30?
15
Calculate the greatest common factor of 54 and 162.
54
What is the highest common factor of 206 and 3399?
103
What is the highest common factor of 917 and 7?
7
Calculate the greatest common factor of 12 and 1674.
6
Calculate the highest common factor of 19 and 323.
19
Calculate the highest common divisor of 444 and 948.
12
Calculate the highest common divisor of 38 and 3686.
38
What is the greatest common factor of 24 and 2244?
12
Calculate the greatest common divisor of 12 and 138.
6
Calculate the greatest common factor of 21 and 1407.
21
Calculate the greatest common divisor of 387 and 9.
9
What is the greatest common factor of 21263 and 11?
11
What is the greatest common factor of 130 and 65?
65
What is the greatest common divisor of 352 and 44?
44
What is the greatest common divisor of 4382 and 56?
14
Calculate the greatest common divisor of 400 and 210.
10
Calculate the highest common factor of 87 and 10614.
87
Calculate the highest common factor of 258 and 344.
86
What is the highest common divisor of 164 and 2583?
41
What is the greatest common factor of 1581 and 93?
93
Calculate the highest common divisor of 7833 and 42.
21
Calculate the highest common factor of 800 and 25.
25
What is the greatest common factor of 17 and 1343?
17
Calculate the greatest common divisor of 78 and 156.
78
What is the greatest common divisor of 4860 and 20?
20
Calculate the highest common factor of 99 and 16269.
33
Calculate the greatest common divisor of 147 and 105.
21
Calculate the highest common divisor of 365 and 4599.
73
What is the highest common divisor of 270 and 2880?
90
Calculate the greatest common factor of 26829 and 99.
99
What is the greatest common divisor of 2627 and 71?
71
What is the highest common factor of 7610 and 50?
10
Calculate the greatest common divisor of 1391 and 39.
13
What is the greatest common factor of 1875 and 15?
15
Calculate the greatest common factor of 729 and 54.
27
Calculate the greatest common factor of 189 and 21.
21
What is the greatest common factor of 368 and 69?
23
What is the greatest common divisor of 30 and 140?
10
What is the greatest common factor of 14 and 7798?
14
What is the highest common factor of 963 and 9?
9
What is the greatest common factor of 13319 and 76?
19
What is the highest common factor of 11330 and 220?
110
Calculate the greatest common factor of 20 and 210.
10
What is the greatest common factor of 268 and 38?
2
Calculate the greatest common factor of 12 and 552.
12
Calculate the highest common factor of 3551 and 53.
53
What is the highest common divisor of 55 and 33?
11
What is the highest common factor of 4559 and 47?
47
What is the highest common divisor of 2856 and 420?
84
What is the greatest common divisor of 176 and 6028?
44
Calculate the highest common factor of 598 and 736.
46
Calculate the greatest common divisor of 608 and 38.
38
Calculate the greatest common factor of 296 and 74296.
296
What is the highest common factor of 34 and 61965?
17
What is the highest common factor of 444 and 333?
111
Calculate the greatest common divisor of 1250 and 50.
50
What is the greatest common factor of 876 and 12?
12
What is the highest common divisor of 4 and 36?
4
What is the greatest common divisor of 490 and 15?
5
What is the greatest common factor of 4018 and 82?
82
Calculate the highest common divisor of 44 and 550.
22
What is the highest common factor of 296 and 666?
74
Calculate the highest common factor of 2679 and 2538.
141
What is the greatest common divisor of 1730 and 10?
10
What is the greatest common divisor of 36 and 1560?
12
Calculate the highest common divisor of 3605 and 927.
103
Calculate the highest common divisor of 16 and 716.
4
What is the greatest common divisor of 1078 and 22?
22
Calculate the highest common divisor of 119 and 5066.
17
Calculate the greatest common factor of 20 and 19460.
20
What is the highest common factor of 38 and 19?
19
Calculate the greatest common divisor of 1254 and 2442.
66
What is the highest common factor of 11280 and 1080?
120
What is the highest common divisor of 735 and 20475?
105
What is the greatest common divisor of 104 and 2504?
8
What is the highest common factor of 374 and 136?
34
Calculate the highest common divisor of 189 and 504.
63
What is the greatest common factor of 1036 and 112?
28
What is the highest common divisor of 40 and 72?
8
What is the highest common factor of 17441 and 163?
163
What is the highest common factor of 145 and 58?
29
What is the greatest common divisor of 23 and 3657?
23
Calculate the greatest common divisor of 152 and 40.
8
Calculate the greatest common divisor of 54 and 252.
18
What is the greatest common factor of 39 and 182?
13
What is the greatest common factor of 5868 and 108?
36
Calculate the greatest common factor of 34 and 391.
17
What is the greatest common factor of 189 and 6183?
27
What is the highest common factor of 1632 and 357?
51
Calculate the highest common factor of 650 and 104.
26
What is the highest common factor of 90 and 1035?
45
What is the greatest common factor of 91 and 161?
7
Calculate the highest common divisor of 3 and 38163.
3
Calculate the highest common factor of 33512 and 59.
59
What is the highest common divisor of 12926 and 184?
46
Calculate the greatest common divisor of 624 and 192.
48
Calculate the highest common divisor of 1760 and 715.
55
Calculate the greatest common factor of 145 and 4205.
145
What is the highest common factor of 10650 and 150?
150
Calculate the greatest common factor of 252 and 224.
28
What is the greatest common divisor of 289 and 187?
17
What is the highest common divisor of 220 and 20?
20
What is the greatest common factor of 510 and 75?
15
What is the greatest common factor of 5082 and 66?
66
What is the highest common factor of 48 and 282?
6
What is the highest common factor of 135 and 13635?
135
Calculate the highest common factor of 750 and 30.
30
Calculate the greatest common factor of 1